ppose 5*q - 36 = o*q. Calculate the remainder when 29 is divided by q/(-48) + 39/4.
9
What is the remainder when 0 + (-512)/(-10) + (-76)/380 is divided by 19?
13
Calculate the remainder when 278 is divided by (-206)/(-8) + (-270)/360.
3
Suppose -3*g = v - 91, -10*v - 265 = -13*v - 13*g. Let x = -4 - -6. Suppose -5*i = -x*i - 75. Calculate the remainder when v is divided by i.
22
Let q be -1 - 1/(-1) - (-97 - 3). Suppose 0 = 2*k + 5*g - 96, 0 = 2*k - 7*k + g + 240. Calculate the remainder when k is divided by (q/(-8) - 0)*-2.
23
Let k = 206 + -167. Calculate the remainder when 98 is divided by k.
20
Let l(q) = -q - 9. Let c(m) = -1. Let w(g) = -4*c(g) + l(g). Let n be w(-9). Suppose 19 = 3*v + n. What is the remainder when 13 is divided by v?
3
Let b = -29 - -44. Suppose -i = -b*i + 574. Calculate the remainder when 203 is divided by i.
39
Let i(v) = v**2 + 4*v - 8. Let t be i(-6). Suppose 0 = -2*m + t*m - 76. Calculate the remainder when m is divided by 11.
5
Suppose -5*o = 4*v - 80, 3*v + 3 = o + 6. Let k be 4 + -1*(1 - -2). Let y = 22 + k. What is the remainder when y is divided by o?
11
Let h = 17 - 19. Calculate the remainder when (-48)/(-16) + (8*h)/(-2) is divided by 6.
5
Calculate the remainder when 170 is divided by (-774)/(-22) + (-86)/473.
30
Let p(j) = j**3 + 13*j**2 + 2*j + 41. Suppose 3*g = -4*d - d + 132, 26 = d + g. What is the remainder when d is divided by p(-13)?
12
Suppose 2*d - 2*l = 54, 3*l = -d + l + 12. Suppose 4*a - 2*k + 0*k = -14, -5*a - 2*k - d = 0. Calculate the remainder when (-1)/(-2) - 42/a is divided by 6.
5
Let z be 2/1*85/34. Suppose w - 3*w = 2*j - 62, -19 = -w + z*j. Calculate the remainder when 57 is divided by w.
28
Let k(t) = t**2 - 13*t + 79. What is the remainder when k(11) is divided by 11?
2
Suppose -3*z + 29 = 4*b, b + 0*b - 56 = -4*z. Suppose h - 3*y - 19 = 0, -2*y = -4*h - 0*y + 26. What is the remainder when z is divided by 72/(-20)*(-10)/h?
6
Suppose -1 = -n + 10. Suppose 0 = -2*u, -4*m - 2 = 3*u + 2. Calculate the remainder when 21 - m/(3/(-3)) is divided by n.
9
Let z(b) = -b**3 - 9*b**2 + 10*b + 13. Let p(o) = -o**3 + 19*o**2 + 6*o + 13. What is the remainder when p(19) is divided by z(-10)?
10
Let m = -37 - -67. Let p = 63 - 31. Let g = 40 - p. What is the remainder when m is divided by g?
6
Let k be (4/6)/(1/(-6)). Let s(u) = 2*u + 1. Let a(y) = -3*y - 2. Let t(x) = 5*a(x) + 4*s(x). Calculate the remainder when t(k) is divided by 12.
10
Suppose 8 = -2*q + 12. Suppose -4*h + 40 = q*r, -5*h + 84 = 4*r - h. What is the remainder when 63 is divided by r?
19
Suppose 6*t - 114 - 288 = 0. Suppose 3*g - 4*g - 2*l = -16, -60 = -4*g - 4*l. Calculate the remainder when t is divided by g.
11
Suppose -4*q + 14 + 6 = 0. Let s be (-20)/(-120) - (-2)/12*113. Suppose -s + 87 = 4*k - 4*l, q*l + 17 = k. What is the remainder when 30 is divided by k?
13
Let i = 29 + -22. Suppose 0 = -5*j + 5, -b + 8 = -4*j + i*j. Calculate the remainder when 29 is divided by b.
4
Suppose -4*k = 20, 2*w - w - 27 = 5*k. Let z be -1*(-3 + (w - 3)). Suppose -70 = -4*d - 5*f, -z*f + 4 = -4. Calculate the remainder when 29 is divided by d.
14
Suppose 0 = -58*q + 55*q - 4*k + 76, -44 = -2*q - 4*k. What is the remainder when q is divided by 26?
6
Let w = -26 - -26. Let j(m) = m**3 + m**2 + m + 37. Suppose 30*r - 32*r = -26. What is the remainder when j(w) is divided by r?
11
Let i(f) = -f**3 - f**2 + 2*f - 2. Let s be i(-3). Let z = s + 2. Calculate the remainder when 38 + (-8)/(-1) + 1 is divided by z.
11
Suppose -4*z - 2 - 41 = -f, -5*f = z - 194. Let d(a) = -a + 115. What is the remainder when d(0) is divided by f?
37
Let p be (1/(28/189))/(1/4). Suppose 28*a - 27 = p*a. Calculate the remainder when a is divided by 5.
2
Let r(j) = 5*j. Let s be r(-7). What is the remainder when 36 is divided by (2*1)/((-7)/s)?
6
Suppose 174 = v - 2*u, -2*v + 751 = 2*v + 3*u. Let z = v + -123. What is the remainder when z is divided by 38/2 + -2 + 0?
10
Suppose 2*c - 425 = -3*c. Suppose -y - 34 = -c. Calculate the remainder when y is divided by 8.
3
Let k be 5/(-2)*(-96)/20. What is the remainder when (54/k)/((-6)/(-32)) is divided by 9?
6
Suppose 0 = c + 3*d - 98, -4*d + 4 = -0*d. Suppose -4*b = -2*b - 48. Calculate the remainder when c is divided by b.
23
Let y = -110 - -174. What is the remainder when y is divided by 18?
10
Suppose 29 - 3 = h - 5*l, 4*h + 3*l = 81. What is the remainder when 152 is divided by h?
5
Suppose -8 = 2*n + 66. Let k = n - -23. What is the remainder when 6 is divided by (-20)/k - (-16)/28?
0
Let r = -7 - 13. Calculate the remainder when (-2)/(-5) + (-1232)/r is divided by 16.
14
Let v(f) = -f - 7. Let w be v(-4). Let y(p) = p**2 - 2*p - 2. Let i be y(w). Let u = i - 7. Calculate the remainder when 22 is divided by u.
4
Let p(d) be the first derivative of d**2 + 28*d + 27. Calculate the remainder when 24 is divided by p(-7).
10
Let t = 20 - 2. Let s(l) = -l**3 + 5*l**2 + 5*l + 4. Let j be s(5). Let n = j - t. What is the remainder when 19 is divided by n?
8
Let q(g) = 4*g - 46. Let w be q(12). Suppose -2*i + 93 = 5*p, w*p + 0*p - 178 = -4*i. Calculate the remainder when i is divided by 13.
5
Suppose 0*o = -4*o - 3*r + 8, 0 = 2*r. Let v be 6/18 + 53/3. Suppose 0 = -o*i + 3*b + 22, -i - v = 4*b - 7. Calculate the remainder when 19 is divided by i.
4
Let v(p) = 113*p + 14. What is the remainder when v(1) is divided by 28?
15
Suppose -185 = -4*t + 135. Calculate the remainder when t is divided by 25.
5
Let c(o) = o**2 - 2*o - 66. Calculate the remainder when 26 is divided by c(-8).
12
Suppose 62 = 5*c + 4*b, -4 - 8 = -4*b. What is the remainder when 166 is divided by c?
6
Let g(u) = 3*u. Let i be g(1). Let y be (2 - (0 - -2)) + i. Suppose 2*k + 16 + 8 = 4*o, -y*o = 3*k - 36. Calculate the remainder when 23 is divided by o.
7
Suppose 47*j - 33*j - 1638 = 0. What is the remainder when j is divided by 78?
39
What is the remainder when ((-118)/6)/(220/165)*-8 is divided by 62?
56
Let x = 50 - 50. Suppose -3*d + 123 = -x*n + 4*n, -d = 3*n - 41. Suppose g = 9 + 5. What is the remainder when d is divided by g?
13
Let c = 229 - 227. Suppose -3*v = v. Suppose 2*r + v*r - 6 = 0. What is the remainder when r is divided by c?
1
Let i(t) = -t**3 + 5*t**2 + 7*t. What is the remainder when 137 is divided by i(-2)?
11
Suppose 5*h - 25 = 5*o, -5*h = -2*o - 2 - 20. Suppose 5*b + 4 = 6*b, h*z - 2*b - 52 = 0. What is the remainder when 29 is divided by z?
14
Let u(j) = j**3 + j**2 - 3*j + 3. Let v = -27 + 29. Calculate the remainder when 6/(10/(-16) + 1) is divided by u(v).
7
Let c(w) = -17*w - 98. Suppose 3*a + 3*n - 4*n - 5 = 0, 2*n + 10 = 3*a. Suppose -3*h + 23 - 2 = a. Calculate the remainder when h is divided by c(-6).
3
Suppose -5 = -2*p - s + 16, p - 2*s - 23 = 0. Suppose -4 = -p*g + 9*g. Let z(f) = f**2 - 6*f + 6. What is the remainder when g is divided by z(5)?
0
Let o(b) = -b**3 - 6*b**2 - 12*b - 53. Suppose 70 = 2*d - 116. What is the remainder when d is divided by o(-6)?
17
Let u(a) = -2*a**2 - 30*a - 38. What is the remainder when 247 is divided by u(-11)?
47
Suppose 0*b + 30 = 3*b. Let h = 16 - b. Let m(a) = a**2 + 5*a - 12. What is the remainder when m(h) is divided by 19?
16
Let u(s) = s**3 + 5*s**2 - 2*s - 9. What is the remainder when u(-4) is divided by 2?
1
Suppose 1310 = 3*o - 1840. Suppose -l = -8*l + o. Calculate the remainder when l is divided by 38.
36
Let k(h) = -h**3 - 9*h**2 + 17*h - 19. What is the remainder when 70 is divided by k(-11)?
34
Let k = -33 + 33. Suppose -2*o - c + k = -51, -3*o + 82 = -4*c. What is the remainder when 49 is divided by o?
23
Suppose 23*d - 46*d - 217 = -30*d. Suppose -3*v + 2 = -4. Suppose -t + v*t - 16 = 0. What is the remainder when d is divided by t?
15
What is the remainder when (-3)/(18/44)*-18 is divided by 703/(-74)*6/(-3)?
18
Let d = 40 + -38. Suppose q - 6*w - 137 = -w, d*q + 2*w - 238 = 0. Calculate the remainder when q is divided by 31.
29
Let p be 1/(-7) - 10/(-70). Suppose 0 = -2*m - p*m + 2. Suppose 6 - m = f. Calculate the remainder when f is divided by 4.
1
Let a(p) = p**2 + 4*p - 2. Let o be a(-5). Suppose o = -u - 4*g + 13, -2*g - 58 = -4*u. Calculate the remainder when u is divided by 5.
4
Suppose 5*o - 76 = o. Suppose o - 4 = 5*m. Suppose 12 = u + m. What is the re